70537 prime?
False
Is 2763031 composite?
True
Is 16500719 a prime number?
False
Is 9525983 a prime number?
False
Is 2020237 composite?
True
Is 9688859 composite?
False
Is 7759309 composite?
False
Is 102282463 a prime number?
True
Is 33205885 composite?
True
Is 66977 composite?
False
Is 32317939 a prime number?
False
Is 235737551 composite?
True
Is 2169281 a composite number?
False
Is 583969 a composite number?
False
Is 9489457 a prime number?
True
Is 348963389 composite?
False
Is 1219177 composite?
False
Is 1897261 a prime number?
False
Is 30529861 prime?
False
Is 2130461 a composite number?
False
Is 792443 prime?
True
Is 249603443 a composite number?
True
Is 9504181 prime?
False
Is 1346533 prime?
True
Is 6413797 a composite number?
True
Is 1042631 a prime number?
True
Is 313668211 composite?
True
Is 555557 a prime number?
True
Is 3489718 a composite number?
True
Is 7198847 prime?
True
Is 12031861 prime?
False
Is 71000513 composite?
False
Is 12783077 prime?
True
Is 19230089 a prime number?
False
Is 321663839 composite?
True
Is 4372243 a prime number?
False
Is 9266347 prime?
False
Is 1310209 prime?
True
Is 2021377 a composite number?
False
Is 7162339 composite?
False
Is 903821 composite?
True
Is 198306371 a prime number?
False
Is 737617 composite?
False
Is 4120847 prime?
True
Is 395172329 a prime number?
False
Is 46101379 a prime number?
False
Is 62681603 a composite number?
True
Is 251387 a prime number?
True
Is 720757 composite?
True
Is 97710239 a prime number?
False
Is 3914137 a prime number?
False
Is 7610897 a composite number?
True
Is 4313567 composite?
True
Is 4424249 composite?
False
Is 12881483 a prime number?
False
Is 404224729 prime?
True
Is 3144783 a prime number?
False
Is 387713769 composite?
True
Is 4743509 a prime number?
True
Is 11905877 prime?
False
Is 130291643 a composite number?
False
Is 1734337 a composite number?
True
Is 139075829 a prime number?
True
Is 11220929 composite?
True
Is 2697661 a prime number?
True
Is 26480989 composite?
False
Is 1483399 a prime number?
False
Is 60948929 composite?
True
Is 94302161 a prime number?
False
Is 208977949 a prime number?
True
Is 3773969 a composite number?
True
Is 5149229 a prime number?
True
Is 563249 a prime number?
True
Is 234613 prime?
True
Is 355422919 composite?
False
Is 1855349 a composite number?
False
Is 23617259 a prime number?
True
Is 3326639 composite?
True
Is 8174311 composite?
True
Is 137240381 a composite number?
True
Is 4720279 a prime number?
False
Is 41492387 composite?
False
Is 562987661 a composite number?
False
Is 31136191 a composite number?
True
Is 14681633 a prime number?
True
Is 3417278 prime?
False
Is 124217729 a composite number?
False
Is 3635231 a prime number?
False
Is 9128071 composite?
True
Is 4482451 a prime number?
True
Is 228691927 a composite number?
False
Is 2665097 a prime number?
False
Is 2935531 a prime number?
True
Is 4321147 a composite number?
True
Is 18415537 composite?
True
Is 15717319 a composite number?
False
Is 17236621 composite?
True
Is 42960943 prime?
True
Is 2623639 a prime number?
True
Is 27497521 prime?
True
Is 94403289 a composite number?
True
Is 410490803 composite?
False
Is 14115859 a prime number?
False
Is 24299731 a prime number?
True
Is 4892201 a prime number?
True
Is 52361399 a composite number?
False
Is 420288763 a prime number?
True
Is 119929 prime?
True
Is 9278006 prime?
False
Is 27654983 prime?
True
Is 5194169 a composite number?
True
Is 156903301 prime?
True
Is 13636591 composite?
True
Is 78446531 a composite number?
False
Is 2393497 composite?
False
Is 18821333 a composite number?
True
Is 77708639 prime?
True
Is 5201563 a composite number?
False
Is 17750921 a composite number?
True
Is 337388369 a composite number?
False
Is 141110771 composite?
True
Is 2422997 a prime number?
True
Is 181102939 a prime number?
False
Is 121302551 a composite number?
True
Is 5854659 a composite number?
True
Is 18342007 prime?
False
Is 25243189 composite?
False
Is 64475357 a composite number?
False
Is 8801881 a prime number?
False
Is 68459711 prime?
True
Is 26047003 prime?
True
Is 197705113 prime?
True
Is 153247 a prime number?
True
Is 46513 prime?
False
Is 232201 composite?
True
Is 41106193 prime?
True
Is 6793541 composite?
False
Is 28985251 a composite number?
False
Is 21505579 a prime number?
False
Is 1222307 a composite number?
False
Is 99058573 a composite number?
True
Is 145781 composite?
True
Is 201786701 a prime number?
True
Is 11762699 prime?
False
Is 2402209 composite?
False
Is 50909039 a composite number?
False
Is 5579643 composite?
True
Is 6183493 prime?
False
Is 15690551 composite?
False
Is 4683781 composite?
True
Is 1617227 prime?
False
Is 855705037 prime?
False
Is 17269073 prime?
True
Is 498907 a prime number?
True
Is 42278737 a composite number?
False
Is 355933 a prime number?
True
Is 676660807 composite?
False
Is 210937549 composite?
True
Is 51615907 composite?
True
Is 30274071 a composite number?
True
Is 127642321 composite?
False
Is 14131807 prime?
True
Is 4310171 a composite number?
False
Is 250724599 composite?
False
Is 11043463 a composite number?
True
Is 64027133 a composite number?
False
Is 612462957 a composite number?
True
Is 10976171 a composite number?
True
Is 1578233 prime?
False
Is 4033597 composite?
False
Is 117823751 a prime number?
True
Is 517709 prime?
False
Is 16784953 prime?
True
Is 41102405 a prime number?
False
Is 23629397 a composite number?
True
Is 41279911 a prime number?
False
Is 372141851 a prime number?
False
Is 11059073 a composite number?
False
Is 20523 composite?
True
Is 629896693 a prime number?
True
Is 128989273 composite?
True
Is 3208039 a composite number?
False
Is 51263749 a composite number?
False
Is 23427913 a prime number?
True
Is 6607063 a prime number?
True
Is 30243449 a composite number?
False
Is 1832927 a prime number?
True
Is 633631 a prime number?
False
Is 8149751 a prime number?
False
Is 116954 prime?
False
Is 8798135 a prime number?
False
Is 1112019 prime?
False
Is 83051267 a prime number?
False
Is 676945 composite?
True
Is 56526583 a composite number?
False
Is 715739 a prime number?
True
Is 11597 composite?
False
Is 21684757 a prime number?
False
Is 76766831 a prime number?
True
Is 30883087 prime?
True
Is 10621643 prime?
True
Is 2822591 a prime number?
False
Is 138275587 prime?
False
Is 8645191 composite?
True
Is 593487779 composite?
False
Is 297478957 prime?
True
Is 33440371 composite?
True
Is 207070741 a prime number?
False
Is 12037957 prime?
False
Is 2258117 a prime number?
False
Is 10751693 a prime number?
False
Is 447126627 a prime number?
False
Is 6643963 composite?
True
Is 71464781 prime?
True
Is 28760581 a prime number?
False
Is 34941749 a prime number?
False
Is 67608533 a prime number?
False
Is 1290647 a composite number?
True
Is 863149 a composite number?
True
Is 38075317 composite?
True
Is 35856929 a prime number?
False
Is 30362743 a composite number?
True
Is 28350037 a prime number?
False
Is 130589 prime?
True
Is 3110011 a prime number?
True
Is 161598779 composite?
False
Is 14651267 a composite number?
True
Is 72679 prime?
True
Is 39821477 prime?
True
Is 69131731 composite?
True
Is 2095043 composite?
True
Is 61538683 a prime number?
True
Is 138533471 composite?
False
Is 929207 a composite number?
False
Is 37046665 prime?
False
Is 1201831 prime?
False
Is 7968341 a prime number?
True
Is 2075069 a prime number?
False
Is 68439799 a composite number?
False
Is 1624657 a composite number?
True
Is 2106839 a composite number?
True
Is 49881149 composite?
True
Is 42164009 prime?
False
Is 21782237 prime?
True
Is 24345847 a prime number?
True
Is 6455158 composite?
True
Is 250393553 a composite number?
False
Is 3146743 a composite number?
False
Is 802731719 a composite number?
True
Is 12435431 composite?
False
Is 28879207 prime?
False
Is 6363133 a prime number?
False
Is 197783 a composite number?
True
Is 15251617 a composite number?
False
Is 2543381 a prime number?
True
Is 3746735 prime?
False
Is 627747 a prime number?
False
Is 87499079 a prime number?
True
Is 3077759 composite?
False
Is 264094 composite?
True
Is 521981 prime?
True
Is 330343789 a composite number?
False
Is 85188965 a prime number?
False
Is 4451053 a composite number?
False
Is 19531781 prime?
True
Is 577876297